{"id":161,"date":"2022-12-04T17:23:57","date_gmt":"2022-12-04T16:23:57","guid":{"rendered":"https:\/\/www.marionzm.sk\/?page_id=161"},"modified":"2023-03-13T18:17:40","modified_gmt":"2023-03-13T17:17:40","slug":"susenie","status":"publish","type":"page","link":"https:\/\/www.marionzm.sk\/index.php\/sluzby\/susenie\/","title":{"rendered":"\u010cistenie"},"content":{"rendered":"\t\t<div data-elementor-type=\"wp-page\" data-elementor-id=\"161\" class=\"elementor elementor-161\">\n\t\t\t\t\t\t<section class=\"elementor-section elementor-top-section elementor-element elementor-element-f1b9f1d elementor-section-content-middle elementor-section-boxed elementor-section-height-default elementor-section-height-default\" data-id=\"f1b9f1d\" data-element_type=\"section\" data-settings=\"{&quot;background_background&quot;:&quot;classic&quot;}\">\n\t\t\t\t\t\t\t<div class=\"elementor-background-overlay\"><\/div>\n\t\t\t\t\t\t\t<div class=\"elementor-container elementor-column-gap-no\">\n\t\t\t\t\t<div class=\"elementor-column elementor-col-33 elementor-top-column elementor-element elementor-element-e5400ee\" data-id=\"e5400ee\" data-element_type=\"column\">\n\t\t\t<div class=\"elementor-widget-wrap elementor-element-populated\">\n\t\t\t\t\t\t<div class=\"elementor-element elementor-element-39168a5 elementor-widget elementor-widget-heading\" data-id=\"39168a5\" data-element_type=\"widget\" data-widget_type=\"heading.default\">\n\t\t\t\t<div class=\"elementor-widget-container\">\n\t\t\t\t\t<h2 class=\"elementor-heading-title elementor-size-default\">\u010cistenie<\/h2>\t\t\t\t<\/div>\n\t\t\t\t<\/div>\n\t\t\t\t<div class=\"elementor-element elementor-element-6d3b8f6 elementor-widget elementor-widget-text-editor\" data-id=\"6d3b8f6\" data-element_type=\"widget\" data-widget_type=\"text-editor.default\">\n\t\t\t\t<div class=\"elementor-widget-container\">\n\t\t\t\t\t\t\t\t\t<div dir=\"auto\" style=\"font-family: 'Segoe UI Historic', 'Segoe UI', Helvetica, Arial, sans-serif; color: #050505; white-space: pre-wrap;\">Pr\u00e1\u010dov\u0148a Marion Zlat\u00e9 Moravce spolupracuje s firmou CLEANING s.r.o. a \u00faspe\u0161ne p\u00f4sob\u00ed na slovenskom trhu u\u017e 22 rokov.<\/div><div dir=\"auto\" style=\"font-family: 'Segoe UI Historic', 'Segoe UI', Helvetica, Arial, sans-serif; color: #050505; white-space: pre-wrap;\">V t\u00fdchto d\u0148och roz\u0161\u00edrili svoju prev\u00e1dzku o technol\u00f3giu na syst\u00e9m mokr\u00e9ho \u010distenia SoftWash. In\u0161talovali sme primus pr\u00e1\u010dku a su\u0161i\u010dku, PONY nap\u00ednac\u00ed \u017eehliaci finisher, PONY \u017eehliaci st\u00f4l a automatick\u00fd z\u00e1vesn\u00fd syst\u00e9m Artmecc. Profesion\u00e1lne za\u0161kolili person\u00e1l prev\u00e1dzky.<\/div>\t\t\t\t\t\t\t\t<\/div>\n\t\t\t\t<\/div>\n\t\t\t\t\t<\/div>\n\t\t<\/div>\n\t\t\t\t<div class=\"elementor-column elementor-col-66 elementor-top-column elementor-element elementor-element-d064019\" data-id=\"d064019\" data-element_type=\"column\">\n\t\t\t<div class=\"elementor-widget-wrap elementor-element-populated\">\n\t\t\t\t\t\t<div class=\"elementor-element elementor-element-849b750 elementor-widget elementor-widget-image\" data-id=\"849b750\" data-element_type=\"widget\" data-widget_type=\"image.default\">\n\t\t\t\t<div class=\"elementor-widget-container\">\n\t\t\t\t\t\t\t\t\t\t\t\t\t\t\t<img decoding=\"async\" src=\"https:\/\/www.marionzm.sk\/wp-content\/uploads\/elementor\/thumbs\/WhatsApp-Image-2023-02-06-at-10.56.20-q227hzvrdldk0lxf6beq02g174f36l7arqivfbmzs0.jpg\" title=\"WhatsApp Image 2023-02-06 at 10.56.20\" alt=\"WhatsApp Image 2023-02-06 at 10.56.20\" loading=\"lazy\" \/>\t\t\t\t\t\t\t\t\t\t\t\t\t\t\t<\/div>\n\t\t\t\t<\/div>\n\t\t\t\t\t<\/div>\n\t\t<\/div>\n\t\t\t\t\t<\/div>\n\t\t<\/section>\n\t\t\t\t<section class=\"elementor-section elementor-top-section elementor-element elementor-element-4d2d2d0 elementor-section-boxed elementor-section-height-default elementor-section-height-default\" data-id=\"4d2d2d0\" data-element_type=\"section\">\n\t\t\t\t\t\t\t<div class=\"elementor-background-overlay\"><\/div>\n\t\t\t\t\t\t\t<div class=\"elementor-container elementor-column-gap-default\">\n\t\t\t\t\t<div class=\"elementor-column elementor-col-33 elementor-top-column elementor-element elementor-element-4700640\" data-id=\"4700640\" data-element_type=\"column\">\n\t\t\t<div class=\"elementor-widget-wrap elementor-element-populated\">\n\t\t\t\t\t\t<div class=\"elementor-element elementor-element-f9d0402 elementor-widget elementor-widget-image\" data-id=\"f9d0402\" data-element_type=\"widget\" data-widget_type=\"image.default\">\n\t\t\t\t<div class=\"elementor-widget-container\">\n\t\t\t\t\t\t\t\t\t\t\t\t\t\t\t<img fetchpriority=\"high\" decoding=\"async\" width=\"394\" height=\"712\" src=\"https:\/\/www.marionzm.sk\/wp-content\/uploads\/2023\/02\/Group-1-1.png\" class=\"attachment-large size-large wp-image-837\" alt=\"\" srcset=\"https:\/\/www.marionzm.sk\/wp-content\/uploads\/2023\/02\/Group-1-1.png 394w, https:\/\/www.marionzm.sk\/wp-content\/uploads\/2023\/02\/Group-1-1-166x300.png 166w\" sizes=\"(max-width: 394px) 100vw, 394px\" \/>\t\t\t\t\t\t\t\t\t\t\t\t\t\t\t<\/div>\n\t\t\t\t<\/div>\n\t\t\t\t\t<\/div>\n\t\t<\/div>\n\t\t\t\t<div class=\"elementor-column elementor-col-33 elementor-top-column elementor-element elementor-element-c0944bc\" data-id=\"c0944bc\" data-element_type=\"column\">\n\t\t\t<div class=\"elementor-widget-wrap elementor-element-populated\">\n\t\t\t\t\t\t<div class=\"elementor-element elementor-element-f590954 elementor-widget elementor-widget-image\" data-id=\"f590954\" data-element_type=\"widget\" data-widget_type=\"image.default\">\n\t\t\t\t<div class=\"elementor-widget-container\">\n\t\t\t\t\t\t\t\t\t\t\t\t\t\t\t<img decoding=\"async\" width=\"704\" height=\"704\" src=\"https:\/\/www.marionzm.sk\/wp-content\/uploads\/2023\/02\/Group-1-3.png\" class=\"attachment-large size-large wp-image-838\" alt=\"\" srcset=\"https:\/\/www.marionzm.sk\/wp-content\/uploads\/2023\/02\/Group-1-3.png 704w, https:\/\/www.marionzm.sk\/wp-content\/uploads\/2023\/02\/Group-1-3-300x300.png 300w, https:\/\/www.marionzm.sk\/wp-content\/uploads\/2023\/02\/Group-1-3-150x150.png 150w\" sizes=\"(max-width: 704px) 100vw, 704px\" \/>\t\t\t\t\t\t\t\t\t\t\t\t\t\t\t<\/div>\n\t\t\t\t<\/div>\n\t\t\t\t<div class=\"elementor-element elementor-element-844c4c4 elementor-widget elementor-widget-text-editor\" data-id=\"844c4c4\" data-element_type=\"widget\" data-widget_type=\"text-editor.default\">\n\t\t\t\t<div class=\"elementor-widget-container\">\n\t\t\t\t\t\t\t\t\t<p>Novinka pre na\u0161ich z\u00e1kazn\u00edkov, roz\u0161\u00edrili sme na\u0161e slu\u017eby o \u010distenie oblekov a kab\u00e1tov. Odevy \u010dist\u00edme ekologicky preto\u017ee\u00a0 mysl\u00edme na na\u0161u plan\u00e9tu.<\/p>\t\t\t\t\t\t\t\t<\/div>\n\t\t\t\t<\/div>\n\t\t\t\t\t<\/div>\n\t\t<\/div>\n\t\t\t\t<div class=\"elementor-column elementor-col-33 elementor-top-column elementor-element elementor-element-6de0169\" data-id=\"6de0169\" data-element_type=\"column\">\n\t\t\t<div class=\"elementor-widget-wrap elementor-element-populated\">\n\t\t\t\t\t\t<div class=\"elementor-element elementor-element-99e3354 elementor-widget elementor-widget-image\" data-id=\"99e3354\" data-element_type=\"widget\" data-widget_type=\"image.default\">\n\t\t\t\t<div class=\"elementor-widget-container\">\n\t\t\t\t\t\t\t\t\t\t\t\t\t\t\t<img decoding=\"async\" width=\"491\" height=\"693\" src=\"https:\/\/www.marionzm.sk\/wp-content\/uploads\/2023\/02\/Group-1-2.png\" class=\"attachment-large size-large wp-image-839\" alt=\"\" srcset=\"https:\/\/www.marionzm.sk\/wp-content\/uploads\/2023\/02\/Group-1-2.png 491w, https:\/\/www.marionzm.sk\/wp-content\/uploads\/2023\/02\/Group-1-2-213x300.png 213w\" sizes=\"(max-width: 491px) 100vw, 491px\" \/>\t\t\t\t\t\t\t\t\t\t\t\t\t\t\t<\/div>\n\t\t\t\t<\/div>\n\t\t\t\t\t<\/div>\n\t\t<\/div>\n\t\t\t\t\t<\/div>\n\t\t<\/section>\n\t\t\t\t<section class=\"elementor-section elementor-top-section elementor-element elementor-element-b164518 elementor-section-boxed elementor-section-height-default elementor-section-height-default\" data-id=\"b164518\" data-element_type=\"section\">\n\t\t\t\t\t\t<div class=\"elementor-container elementor-column-gap-default\">\n\t\t\t\t\t<div class=\"elementor-column elementor-col-33 elementor-top-column elementor-element elementor-element-c98a9c8\" data-id=\"c98a9c8\" data-element_type=\"column\">\n\t\t\t<div class=\"elementor-widget-wrap elementor-element-populated\">\n\t\t\t\t\t\t<div class=\"elementor-element elementor-element-1fd09eb elementor-widget elementor-widget-image\" data-id=\"1fd09eb\" data-element_type=\"widget\" data-widget_type=\"image.default\">\n\t\t\t\t<div class=\"elementor-widget-container\">\n\t\t\t\t\t\t\t\t\t\t\t\t\t\t\t<img loading=\"lazy\" decoding=\"async\" width=\"768\" height=\"1063\" src=\"https:\/\/www.marionzm.sk\/wp-content\/uploads\/2023\/03\/marion-zm-4-768x1063.jpg\" class=\"attachment-medium_large size-medium_large wp-image-901\" alt=\"\" srcset=\"https:\/\/www.marionzm.sk\/wp-content\/uploads\/2023\/03\/marion-zm-4-768x1063.jpg 768w, https:\/\/www.marionzm.sk\/wp-content\/uploads\/2023\/03\/marion-zm-4-217x300.jpg 217w, https:\/\/www.marionzm.sk\/wp-content\/uploads\/2023\/03\/marion-zm-4-740x1024.jpg 740w, https:\/\/www.marionzm.sk\/wp-content\/uploads\/2023\/03\/marion-zm-4-1110x1536.jpg 1110w, https:\/\/www.marionzm.sk\/wp-content\/uploads\/2023\/03\/marion-zm-4.jpg 1220w\" sizes=\"(max-width: 768px) 100vw, 768px\" \/>\t\t\t\t\t\t\t\t\t\t\t\t\t\t\t<\/div>\n\t\t\t\t<\/div>\n\t\t\t\t\t<\/div>\n\t\t<\/div>\n\t\t\t\t<div class=\"elementor-column elementor-col-33 elementor-top-column elementor-element elementor-element-6d9ecc4\" data-id=\"6d9ecc4\" data-element_type=\"column\">\n\t\t\t<div class=\"elementor-widget-wrap elementor-element-populated\">\n\t\t\t\t\t\t<div class=\"elementor-element elementor-element-1e9ffe7 elementor-widget elementor-widget-image\" data-id=\"1e9ffe7\" data-element_type=\"widget\" data-widget_type=\"image.default\">\n\t\t\t\t<div class=\"elementor-widget-container\">\n\t\t\t\t\t\t\t\t\t\t\t\t\t\t\t<img loading=\"lazy\" decoding=\"async\" width=\"768\" height=\"417\" src=\"https:\/\/www.marionzm.sk\/wp-content\/uploads\/2023\/03\/marion-zm5-768x417.jpg\" class=\"attachment-medium_large size-medium_large wp-image-902\" alt=\"\u0160kolenie\" srcset=\"https:\/\/www.marionzm.sk\/wp-content\/uploads\/2023\/03\/marion-zm5-768x417.jpg 768w, https:\/\/www.marionzm.sk\/wp-content\/uploads\/2023\/03\/marion-zm5-300x163.jpg 300w, https:\/\/www.marionzm.sk\/wp-content\/uploads\/2023\/03\/marion-zm5-1024x557.jpg 1024w, https:\/\/www.marionzm.sk\/wp-content\/uploads\/2023\/03\/marion-zm5-1536x835.jpg 1536w, https:\/\/www.marionzm.sk\/wp-content\/uploads\/2023\/03\/marion-zm5.jpg 2048w\" sizes=\"(max-width: 768px) 100vw, 768px\" \/>\t\t\t\t\t\t\t\t\t\t\t\t\t\t\t<\/div>\n\t\t\t\t<\/div>\n\t\t\t\t<div class=\"elementor-element elementor-element-3f2e7a2 elementor-widget elementor-widget-image\" data-id=\"3f2e7a2\" data-element_type=\"widget\" data-widget_type=\"image.default\">\n\t\t\t\t<div class=\"elementor-widget-container\">\n\t\t\t\t\t\t\t\t\t\t\t\t\t\t\t<img loading=\"lazy\" decoding=\"async\" width=\"600\" height=\"569\" src=\"https:\/\/www.marionzm.sk\/wp-content\/uploads\/2023\/03\/marion-zm-1.jpg\" class=\"attachment-medium_large size-medium_large wp-image-900\" alt=\"Za\u0161kolen\u00fd person\u00e1l pr\u00e1\u010dovne\" srcset=\"https:\/\/www.marionzm.sk\/wp-content\/uploads\/2023\/03\/marion-zm-1.jpg 600w, https:\/\/www.marionzm.sk\/wp-content\/uploads\/2023\/03\/marion-zm-1-300x285.jpg 300w\" sizes=\"(max-width: 600px) 100vw, 600px\" \/>\t\t\t\t\t\t\t\t\t\t\t\t\t\t\t<\/div>\n\t\t\t\t<\/div>\n\t\t\t\t\t<\/div>\n\t\t<\/div>\n\t\t\t\t<div class=\"elementor-column elementor-col-33 elementor-top-column elementor-element elementor-element-ac4a042\" data-id=\"ac4a042\" data-element_type=\"column\">\n\t\t\t<div class=\"elementor-widget-wrap elementor-element-populated\">\n\t\t\t\t\t\t<div class=\"elementor-element elementor-element-03d8318 elementor-widget elementor-widget-image\" data-id=\"03d8318\" data-element_type=\"widget\" data-widget_type=\"image.default\">\n\t\t\t\t<div class=\"elementor-widget-container\">\n\t\t\t\t\t\t\t\t\t\t\t\t\t\t\t<img loading=\"lazy\" decoding=\"async\" width=\"626\" height=\"1024\" src=\"https:\/\/www.marionzm.sk\/wp-content\/uploads\/2023\/03\/marion-zm6-626x1024.jpg\" class=\"attachment-large size-large wp-image-903\" alt=\"\u017dehlenie\" srcset=\"https:\/\/www.marionzm.sk\/wp-content\/uploads\/2023\/03\/marion-zm6-626x1024.jpg 626w, https:\/\/www.marionzm.sk\/wp-content\/uploads\/2023\/03\/marion-zm6-183x300.jpg 183w, https:\/\/www.marionzm.sk\/wp-content\/uploads\/2023\/03\/marion-zm6-768x1256.jpg 768w, https:\/\/www.marionzm.sk\/wp-content\/uploads\/2023\/03\/marion-zm6-939x1536.jpg 939w, https:\/\/www.marionzm.sk\/wp-content\/uploads\/2023\/03\/marion-zm6.jpg 1252w\" sizes=\"(max-width: 626px) 100vw, 626px\" \/>\t\t\t\t\t\t\t\t\t\t\t\t\t\t\t<\/div>\n\t\t\t\t<\/div>\n\t\t\t\t\t<\/div>\n\t\t<\/div>\n\t\t\t\t\t<\/div>\n\t\t<\/section>\n\t\t\t\t<\/div>\n\t\t","protected":false},"excerpt":{"rendered":"<p>\u010cistenie Pr\u00e1\u010dov\u0148a Marion Zlat\u00e9 Moravce spolupracuje s firmou CLEANING s.r.o. a \u00faspe\u0161ne p\u00f4sob\u00ed na slovenskom trhu u\u017e 22 rokov.V t\u00fdchto d\u0148och roz\u0161\u00edrili svoju prev\u00e1dzku o technol\u00f3giu na syst\u00e9m mokr\u00e9ho \u010distenia SoftWash. In\u0161talovali sme primus pr\u00e1\u010dku a su\u0161i\u010dku, PONY nap\u00ednac\u00ed \u017eehliaci finisher, PONY \u017eehliaci st\u00f4l a automatick\u00fd z\u00e1vesn\u00fd syst\u00e9m Artmecc. Profesion\u00e1lne za\u0161kolili person\u00e1l prev\u00e1dzky. Novinka pre &hellip;<\/p>\n<p class=\"read-more\"> <a class=\"\" href=\"https:\/\/www.marionzm.sk\/index.php\/sluzby\/susenie\/\"> <span class=\"screen-reader-text\">\u010cistenie<\/span> \u010c\u00edtajte viac &raquo;<\/a><\/p>\n","protected":false},"author":1,"featured_media":0,"parent":90,"menu_order":3,"comment_status":"closed","ping_status":"closed","template":"","meta":{"site-sidebar-layout":"no-sidebar","site-content-layout":"page-builder","ast-global-header-display":"","ast-main-header-display":"","ast-hfb-above-header-display":"","ast-hfb-below-header-display":"","ast-hfb-mobile-header-display":"","site-post-title":"disabled","ast-breadcrumbs-content":"","ast-featured-img":"disabled","footer-sml-layout":"","theme-transparent-header-meta":"","adv-header-id-meta":"","stick-header-meta":"","header-above-stick-meta":"","header-main-stick-meta":"","header-below-stick-meta":"","footnotes":""},"class_list":["post-161","page","type-page","status-publish","hentry"],"yoast_head":"<!-- This site is optimized with the Yoast SEO plugin v26.5 - https:\/\/yoast.com\/wordpress\/plugins\/seo\/ -->\n<title>\u010cistenie - Marionzm s.r.o.<\/title>\n<meta name=\"robots\" content=\"index, follow, max-snippet:-1, max-image-preview:large, max-video-preview:-1\" \/>\n<link rel=\"canonical\" href=\"https:\/\/www.marionzm.sk\/index.php\/sluzby\/susenie\/\" \/>\n<meta property=\"og:locale\" content=\"sk_SK\" \/>\n<meta property=\"og:type\" content=\"article\" \/>\n<meta property=\"og:title\" content=\"\u010cistenie - Marionzm s.r.o.\" \/>\n<meta property=\"og:description\" content=\"\u010cistenie Pr\u00e1\u010dov\u0148a Marion Zlat\u00e9 Moravce spolupracuje s firmou CLEANING s.r.o. a \u00faspe\u0161ne p\u00f4sob\u00ed na slovenskom trhu u\u017e 22 rokov.V t\u00fdchto d\u0148och roz\u0161\u00edrili svoju prev\u00e1dzku o technol\u00f3giu na syst\u00e9m mokr\u00e9ho \u010distenia SoftWash. In\u0161talovali sme primus pr\u00e1\u010dku a su\u0161i\u010dku, PONY nap\u00ednac\u00ed \u017eehliaci finisher, PONY \u017eehliaci st\u00f4l a automatick\u00fd z\u00e1vesn\u00fd syst\u00e9m Artmecc. Profesion\u00e1lne za\u0161kolili person\u00e1l prev\u00e1dzky. Novinka pre &hellip; \u010cistenie \u010c\u00edtajte viac &raquo;\" \/>\n<meta property=\"og:url\" content=\"https:\/\/www.marionzm.sk\/index.php\/sluzby\/susenie\/\" \/>\n<meta property=\"og:site_name\" content=\"Marionzm s.r.o.\" \/>\n<meta property=\"article:modified_time\" content=\"2023-03-13T17:17:40+00:00\" \/>\n<meta property=\"og:image\" content=\"https:\/\/www.marionzm.sk\/wp-content\/uploads\/elementor\/thumbs\/WhatsApp-Image-2023-02-06-at-10.56.20-q227hzvrdldk0lxf6beq02g174f36l7arqivfbmzs0.jpg\" \/>\n<meta name=\"twitter:card\" content=\"summary_large_image\" \/>\n<meta name=\"twitter:label1\" content=\"Predpokladan\u00fd \u010das \u010d\u00edtania\" \/>\n\t<meta name=\"twitter:data1\" content=\"3 min\u00faty\" \/>\n<script type=\"application\/ld+json\" class=\"yoast-schema-graph\">{\"@context\":\"https:\/\/schema.org\",\"@graph\":[{\"@type\":\"WebPage\",\"@id\":\"https:\/\/www.marionzm.sk\/index.php\/sluzby\/susenie\/\",\"url\":\"https:\/\/www.marionzm.sk\/index.php\/sluzby\/susenie\/\",\"name\":\"\u010cistenie - Marionzm s.r.o.\",\"isPartOf\":{\"@id\":\"https:\/\/www.marionzm.sk\/#website\"},\"primaryImageOfPage\":{\"@id\":\"https:\/\/www.marionzm.sk\/index.php\/sluzby\/susenie\/#primaryimage\"},\"image\":{\"@id\":\"https:\/\/www.marionzm.sk\/index.php\/sluzby\/susenie\/#primaryimage\"},\"thumbnailUrl\":\"https:\/\/www.marionzm.sk\/wp-content\/uploads\/elementor\/thumbs\/WhatsApp-Image-2023-02-06-at-10.56.20-q227hzvrdldk0lxf6beq02g174f36l7arqivfbmzs0.jpg\",\"datePublished\":\"2022-12-04T16:23:57+00:00\",\"dateModified\":\"2023-03-13T17:17:40+00:00\",\"breadcrumb\":{\"@id\":\"https:\/\/www.marionzm.sk\/index.php\/sluzby\/susenie\/#breadcrumb\"},\"inLanguage\":\"sk-SK\",\"potentialAction\":[{\"@type\":\"ReadAction\",\"target\":[\"https:\/\/www.marionzm.sk\/index.php\/sluzby\/susenie\/\"]}]},{\"@type\":\"ImageObject\",\"inLanguage\":\"sk-SK\",\"@id\":\"https:\/\/www.marionzm.sk\/index.php\/sluzby\/susenie\/#primaryimage\",\"url\":\"https:\/\/www.marionzm.sk\/wp-content\/uploads\/elementor\/thumbs\/WhatsApp-Image-2023-02-06-at-10.56.20-q227hzvrdldk0lxf6beq02g174f36l7arqivfbmzs0.jpg\",\"contentUrl\":\"https:\/\/www.marionzm.sk\/wp-content\/uploads\/elementor\/thumbs\/WhatsApp-Image-2023-02-06-at-10.56.20-q227hzvrdldk0lxf6beq02g174f36l7arqivfbmzs0.jpg\"},{\"@type\":\"BreadcrumbList\",\"@id\":\"https:\/\/www.marionzm.sk\/index.php\/sluzby\/susenie\/#breadcrumb\",\"itemListElement\":[{\"@type\":\"ListItem\",\"position\":1,\"name\":\"Domovsk\u00e1 str\u00e1nka\",\"item\":\"https:\/\/www.marionzm.sk\/\"},{\"@type\":\"ListItem\",\"position\":2,\"name\":\"Slu\u017eby\",\"item\":\"https:\/\/www.marionzm.sk\/index.php\/sluzby\/\"},{\"@type\":\"ListItem\",\"position\":3,\"name\":\"\u010cistenie\"}]},{\"@type\":\"WebSite\",\"@id\":\"https:\/\/www.marionzm.sk\/#website\",\"url\":\"https:\/\/www.marionzm.sk\/\",\"name\":\"Marionzm s.r.o.\",\"description\":\"Soci\u00e1lny podnik - pr\u00e1\u010dov\u0148a\",\"publisher\":{\"@id\":\"https:\/\/www.marionzm.sk\/#organization\"},\"potentialAction\":[{\"@type\":\"SearchAction\",\"target\":{\"@type\":\"EntryPoint\",\"urlTemplate\":\"https:\/\/www.marionzm.sk\/?s={search_term_string}\"},\"query-input\":{\"@type\":\"PropertyValueSpecification\",\"valueRequired\":true,\"valueName\":\"search_term_string\"}}],\"inLanguage\":\"sk-SK\"},{\"@type\":\"Organization\",\"@id\":\"https:\/\/www.marionzm.sk\/#organization\",\"name\":\"Marionzm s.r.o.\",\"url\":\"https:\/\/www.marionzm.sk\/\",\"logo\":{\"@type\":\"ImageObject\",\"inLanguage\":\"sk-SK\",\"@id\":\"https:\/\/www.marionzm.sk\/#\/schema\/logo\/image\/\",\"url\":\"https:\/\/www.marionzm.sk\/wp-content\/uploads\/2022\/12\/cropped-cropped-logo-marion-zm.png\",\"contentUrl\":\"https:\/\/www.marionzm.sk\/wp-content\/uploads\/2022\/12\/cropped-cropped-logo-marion-zm.png\",\"width\":512,\"height\":508,\"caption\":\"Marionzm s.r.o.\"},\"image\":{\"@id\":\"https:\/\/www.marionzm.sk\/#\/schema\/logo\/image\/\"}}]}<\/script>\n<!-- \/ Yoast SEO plugin. -->","yoast_head_json":{"title":"\u010cistenie - Marionzm s.r.o.","robots":{"index":"index","follow":"follow","max-snippet":"max-snippet:-1","max-image-preview":"max-image-preview:large","max-video-preview":"max-video-preview:-1"},"canonical":"https:\/\/www.marionzm.sk\/index.php\/sluzby\/susenie\/","og_locale":"sk_SK","og_type":"article","og_title":"\u010cistenie - Marionzm s.r.o.","og_description":"\u010cistenie Pr\u00e1\u010dov\u0148a Marion Zlat\u00e9 Moravce spolupracuje s firmou CLEANING s.r.o. a \u00faspe\u0161ne p\u00f4sob\u00ed na slovenskom trhu u\u017e 22 rokov.V t\u00fdchto d\u0148och roz\u0161\u00edrili svoju prev\u00e1dzku o technol\u00f3giu na syst\u00e9m mokr\u00e9ho \u010distenia SoftWash. In\u0161talovali sme primus pr\u00e1\u010dku a su\u0161i\u010dku, PONY nap\u00ednac\u00ed \u017eehliaci finisher, PONY \u017eehliaci st\u00f4l a automatick\u00fd z\u00e1vesn\u00fd syst\u00e9m Artmecc. Profesion\u00e1lne za\u0161kolili person\u00e1l prev\u00e1dzky. Novinka pre &hellip; \u010cistenie \u010c\u00edtajte viac &raquo;","og_url":"https:\/\/www.marionzm.sk\/index.php\/sluzby\/susenie\/","og_site_name":"Marionzm s.r.o.","article_modified_time":"2023-03-13T17:17:40+00:00","og_image":[{"url":"https:\/\/www.marionzm.sk\/wp-content\/uploads\/elementor\/thumbs\/WhatsApp-Image-2023-02-06-at-10.56.20-q227hzvrdldk0lxf6beq02g174f36l7arqivfbmzs0.jpg","type":"","width":"","height":""}],"twitter_card":"summary_large_image","twitter_misc":{"Predpokladan\u00fd \u010das \u010d\u00edtania":"3 min\u00faty"},"schema":{"@context":"https:\/\/schema.org","@graph":[{"@type":"WebPage","@id":"https:\/\/www.marionzm.sk\/index.php\/sluzby\/susenie\/","url":"https:\/\/www.marionzm.sk\/index.php\/sluzby\/susenie\/","name":"\u010cistenie - Marionzm s.r.o.","isPartOf":{"@id":"https:\/\/www.marionzm.sk\/#website"},"primaryImageOfPage":{"@id":"https:\/\/www.marionzm.sk\/index.php\/sluzby\/susenie\/#primaryimage"},"image":{"@id":"https:\/\/www.marionzm.sk\/index.php\/sluzby\/susenie\/#primaryimage"},"thumbnailUrl":"https:\/\/www.marionzm.sk\/wp-content\/uploads\/elementor\/thumbs\/WhatsApp-Image-2023-02-06-at-10.56.20-q227hzvrdldk0lxf6beq02g174f36l7arqivfbmzs0.jpg","datePublished":"2022-12-04T16:23:57+00:00","dateModified":"2023-03-13T17:17:40+00:00","breadcrumb":{"@id":"https:\/\/www.marionzm.sk\/index.php\/sluzby\/susenie\/#breadcrumb"},"inLanguage":"sk-SK","potentialAction":[{"@type":"ReadAction","target":["https:\/\/www.marionzm.sk\/index.php\/sluzby\/susenie\/"]}]},{"@type":"ImageObject","inLanguage":"sk-SK","@id":"https:\/\/www.marionzm.sk\/index.php\/sluzby\/susenie\/#primaryimage","url":"https:\/\/www.marionzm.sk\/wp-content\/uploads\/elementor\/thumbs\/WhatsApp-Image-2023-02-06-at-10.56.20-q227hzvrdldk0lxf6beq02g174f36l7arqivfbmzs0.jpg","contentUrl":"https:\/\/www.marionzm.sk\/wp-content\/uploads\/elementor\/thumbs\/WhatsApp-Image-2023-02-06-at-10.56.20-q227hzvrdldk0lxf6beq02g174f36l7arqivfbmzs0.jpg"},{"@type":"BreadcrumbList","@id":"https:\/\/www.marionzm.sk\/index.php\/sluzby\/susenie\/#breadcrumb","itemListElement":[{"@type":"ListItem","position":1,"name":"Domovsk\u00e1 str\u00e1nka","item":"https:\/\/www.marionzm.sk\/"},{"@type":"ListItem","position":2,"name":"Slu\u017eby","item":"https:\/\/www.marionzm.sk\/index.php\/sluzby\/"},{"@type":"ListItem","position":3,"name":"\u010cistenie"}]},{"@type":"WebSite","@id":"https:\/\/www.marionzm.sk\/#website","url":"https:\/\/www.marionzm.sk\/","name":"Marionzm s.r.o.","description":"Soci\u00e1lny podnik - pr\u00e1\u010dov\u0148a","publisher":{"@id":"https:\/\/www.marionzm.sk\/#organization"},"potentialAction":[{"@type":"SearchAction","target":{"@type":"EntryPoint","urlTemplate":"https:\/\/www.marionzm.sk\/?s={search_term_string}"},"query-input":{"@type":"PropertyValueSpecification","valueRequired":true,"valueName":"search_term_string"}}],"inLanguage":"sk-SK"},{"@type":"Organization","@id":"https:\/\/www.marionzm.sk\/#organization","name":"Marionzm s.r.o.","url":"https:\/\/www.marionzm.sk\/","logo":{"@type":"ImageObject","inLanguage":"sk-SK","@id":"https:\/\/www.marionzm.sk\/#\/schema\/logo\/image\/","url":"https:\/\/www.marionzm.sk\/wp-content\/uploads\/2022\/12\/cropped-cropped-logo-marion-zm.png","contentUrl":"https:\/\/www.marionzm.sk\/wp-content\/uploads\/2022\/12\/cropped-cropped-logo-marion-zm.png","width":512,"height":508,"caption":"Marionzm s.r.o."},"image":{"@id":"https:\/\/www.marionzm.sk\/#\/schema\/logo\/image\/"}}]}},"_links":{"self":[{"href":"https:\/\/www.marionzm.sk\/index.php\/wp-json\/wp\/v2\/pages\/161","targetHints":{"allow":["GET"]}}],"collection":[{"href":"https:\/\/www.marionzm.sk\/index.php\/wp-json\/wp\/v2\/pages"}],"about":[{"href":"https:\/\/www.marionzm.sk\/index.php\/wp-json\/wp\/v2\/types\/page"}],"author":[{"embeddable":true,"href":"https:\/\/www.marionzm.sk\/index.php\/wp-json\/wp\/v2\/users\/1"}],"replies":[{"embeddable":true,"href":"https:\/\/www.marionzm.sk\/index.php\/wp-json\/wp\/v2\/comments?post=161"}],"version-history":[{"count":17,"href":"https:\/\/www.marionzm.sk\/index.php\/wp-json\/wp\/v2\/pages\/161\/revisions"}],"predecessor-version":[{"id":906,"href":"https:\/\/www.marionzm.sk\/index.php\/wp-json\/wp\/v2\/pages\/161\/revisions\/906"}],"up":[{"embeddable":true,"href":"https:\/\/www.marionzm.sk\/index.php\/wp-json\/wp\/v2\/pages\/90"}],"wp:attachment":[{"href":"https:\/\/www.marionzm.sk\/index.php\/wp-json\/wp\/v2\/media?parent=161"}],"curies":[{"name":"wp","href":"https:\/\/api.w.org\/{rel}","templated":true}]}}