{"id":92,"date":"2022-12-03T18:34:12","date_gmt":"2022-12-03T17:34:12","guid":{"rendered":"https:\/\/www.marionzm.sk\/?page_id=92"},"modified":"2022-12-21T08:40:31","modified_gmt":"2022-12-21T07:40:31","slug":"pranie","status":"publish","type":"page","link":"https:\/\/www.marionzm.sk\/index.php\/sluzby\/pranie\/","title":{"rendered":"Pranie"},"content":{"rendered":"\t\t<div data-elementor-type=\"wp-page\" data-elementor-id=\"92\" class=\"elementor elementor-92\">\n\t\t\t\t\t\t<section class=\"elementor-section elementor-top-section elementor-element elementor-element-wzopaia elementor-section-content-middle elementor-section-boxed elementor-section-height-default elementor-section-height-default\" data-id=\"wzopaia\" data-element_type=\"section\" data-settings=\"{&quot;background_background&quot;:&quot;classic&quot;}\">\n\t\t\t\t\t\t\t<div class=\"elementor-background-overlay\"><\/div>\n\t\t\t\t\t\t\t<div class=\"elementor-container elementor-column-gap-no\">\n\t\t\t\t\t<div class=\"elementor-column elementor-col-50 elementor-top-column elementor-element elementor-element-9247ec0\" data-id=\"9247ec0\" data-element_type=\"column\">\n\t\t\t<div class=\"elementor-widget-wrap elementor-element-populated\">\n\t\t\t\t\t\t<div class=\"elementor-element elementor-element-f003f55 elementor-widget elementor-widget-heading\" data-id=\"f003f55\" data-element_type=\"widget\" data-widget_type=\"heading.default\">\n\t\t\t\t<div class=\"elementor-widget-container\">\n\t\t\t\t\t<h2 class=\"elementor-heading-title elementor-size-default\">Profesion\u00e1lne pranie<\/h2>\t\t\t\t<\/div>\n\t\t\t\t<\/div>\n\t\t\t\t<div class=\"elementor-element elementor-element-aba5f59 elementor-widget elementor-widget-text-editor\" data-id=\"aba5f59\" data-element_type=\"widget\" data-widget_type=\"text-editor.default\">\n\t\t\t\t<div class=\"elementor-widget-container\">\n\t\t\t\t\t\t\t\t\t<p>Na\u0161a prev\u00e1dzka pon\u00faka kvalitn\u00e9 , r\u00fdchle a spo\u013eahliv\u00e9 slu\u017eby na \u010dinnosti :\u00a0<\/p>\t\t\t\t\t\t\t\t<\/div>\n\t\t\t\t<\/div>\n\t\t\t\t<div class=\"elementor-element elementor-element-73f917c elementor-icon-list--layout-traditional elementor-list-item-link-full_width elementor-widget elementor-widget-icon-list\" data-id=\"73f917c\" data-element_type=\"widget\" data-widget_type=\"icon-list.default\">\n\t\t\t\t<div class=\"elementor-widget-container\">\n\t\t\t\t\t\t\t<ul class=\"elementor-icon-list-items\">\n\t\t\t\t\t\t\t<li class=\"elementor-icon-list-item\">\n\t\t\t\t\t\t\t\t\t\t\t<span class=\"elementor-icon-list-icon\">\n\t\t\t\t\t\t\t<i aria-hidden=\"true\" class=\"fas fa-feather-alt\"><\/i>\t\t\t\t\t\t<\/span>\n\t\t\t\t\t\t\t\t\t\t<span class=\"elementor-icon-list-text\">Pranie v\u0161etk\u00fdch druhov bielizne<\/span>\n\t\t\t\t\t\t\t\t\t<\/li>\n\t\t\t\t\t\t\t\t<li class=\"elementor-icon-list-item\">\n\t\t\t\t\t\t\t\t\t\t\t<span class=\"elementor-icon-list-icon\">\n\t\t\t\t\t\t\t<i aria-hidden=\"true\" class=\"fas fa-feather-alt\"><\/i>\t\t\t\t\t\t<\/span>\n\t\t\t\t\t\t\t\t\t\t<span class=\"elementor-icon-list-text\">Hotely<\/span>\n\t\t\t\t\t\t\t\t\t<\/li>\n\t\t\t\t\t\t\t\t<li class=\"elementor-icon-list-item\">\n\t\t\t\t\t\t\t\t\t\t\t<span class=\"elementor-icon-list-icon\">\n\t\t\t\t\t\t\t<i aria-hidden=\"true\" class=\"fas fa-feather-alt\"><\/i>\t\t\t\t\t\t<\/span>\n\t\t\t\t\t\t\t\t\t\t<span class=\"elementor-icon-list-text\">Intern\u00e1ty<\/span>\n\t\t\t\t\t\t\t\t\t<\/li>\n\t\t\t\t\t\t\t\t<li class=\"elementor-icon-list-item\">\n\t\t\t\t\t\t\t\t\t\t\t<span class=\"elementor-icon-list-icon\">\n\t\t\t\t\t\t\t<i aria-hidden=\"true\" class=\"fas fa-feather-alt\"><\/i>\t\t\t\t\t\t<\/span>\n\t\t\t\t\t\t\t\t\t\t<span class=\"elementor-icon-list-text\">Re\u0161taur\u00e1cie<\/span>\n\t\t\t\t\t\t\t\t\t<\/li>\n\t\t\t\t\t\t\t\t<li class=\"elementor-icon-list-item\">\n\t\t\t\t\t\t\t\t\t\t\t<span class=\"elementor-icon-list-icon\">\n\t\t\t\t\t\t\t<i aria-hidden=\"true\" class=\"fas fa-feather-alt\"><\/i>\t\t\t\t\t\t<\/span>\n\t\t\t\t\t\t\t\t\t\t<span class=\"elementor-icon-list-text\">\u0160koly<\/span>\n\t\t\t\t\t\t\t\t\t<\/li>\n\t\t\t\t\t\t\t\t<li class=\"elementor-icon-list-item\">\n\t\t\t\t\t\t\t\t\t\t\t<span class=\"elementor-icon-list-icon\">\n\t\t\t\t\t\t\t<i aria-hidden=\"true\" class=\"fas fa-feather-alt\"><\/i>\t\t\t\t\t\t<\/span>\n\t\t\t\t\t\t\t\t\t\t<span class=\"elementor-icon-list-text\">Pranie pre lek\u00e1rov<\/span>\n\t\t\t\t\t\t\t\t\t<\/li>\n\t\t\t\t\t\t\t\t<li class=\"elementor-icon-list-item\">\n\t\t\t\t\t\t\t\t\t\t\t<span class=\"elementor-icon-list-icon\">\n\t\t\t\t\t\t\t<i aria-hidden=\"true\" class=\"fas fa-feather-alt\"><\/i>\t\t\t\t\t\t<\/span>\n\t\t\t\t\t\t\t\t\t\t<span class=\"elementor-icon-list-text\">Pranie pracovn\u00fdch odevov<\/span>\n\t\t\t\t\t\t\t\t\t<\/li>\n\t\t\t\t\t\t<\/ul>\n\t\t\t\t\t\t<\/div>\n\t\t\t\t<\/div>\n\t\t\t\t\t<\/div>\n\t\t<\/div>\n\t\t\t\t<div class=\"elementor-column elementor-col-50 elementor-top-column elementor-element elementor-element-3bcc9c8\" data-id=\"3bcc9c8\" data-element_type=\"column\">\n\t\t\t<div class=\"elementor-widget-wrap elementor-element-populated\">\n\t\t\t\t\t\t<div class=\"elementor-element elementor-element-d2d69e7 elementor-widget elementor-widget-image\" data-id=\"d2d69e7\" data-element_type=\"widget\" data-widget_type=\"image.default\">\n\t\t\t\t<div class=\"elementor-widget-container\">\n\t\t\t\t\t\t\t\t\t\t\t\t\t\t\t<img decoding=\"async\" src=\"https:\/\/www.marionzm.sk\/wp-content\/uploads\/elementor\/thumbs\/lgrm1t4rxwq-1-pzh9t4qdq9fp5ytcld06zwrjg1tunnfpt04fewfvkw.jpg\" title=\"Photo by Jeremy Sallee\" alt=\"shallow focus photo of washing machines\" loading=\"lazy\" \/>\t\t\t\t\t\t\t\t\t\t\t\t\t\t\t<\/div>\n\t\t\t\t<\/div>\n\t\t\t\t\t<\/div>\n\t\t<\/div>\n\t\t\t\t\t<\/div>\n\t\t<\/section>\n\t\t\t\t<\/div>\n\t\t","protected":false},"excerpt":{"rendered":"<p>Profesion\u00e1lne pranie Na\u0161a prev\u00e1dzka pon\u00faka kvalitn\u00e9 , r\u00fdchle a spo\u013eahliv\u00e9 slu\u017eby na \u010dinnosti :\u00a0 Pranie v\u0161etk\u00fdch druhov bielizne Hotely Intern\u00e1ty Re\u0161taur\u00e1cie \u0160koly Pranie pre lek\u00e1rov Pranie pracovn\u00fdch odevov<\/p>\n","protected":false},"author":1,"featured_media":0,"parent":90,"menu_order":1,"comment_status":"closed","ping_status":"closed","template":"","meta":{"site-sidebar-layout":"no-sidebar","site-content-layout":"page-builder","ast-global-header-display":"","ast-main-header-display":"","ast-hfb-above-header-display":"","ast-hfb-below-header-display":"","ast-hfb-mobile-header-display":"","site-post-title":"disabled","ast-breadcrumbs-content":"","ast-featured-img":"disabled","footer-sml-layout":"","theme-transparent-header-meta":"","adv-header-id-meta":"","stick-header-meta":"","header-above-stick-meta":"","header-main-stick-meta":"","header-below-stick-meta":"","footnotes":""},"class_list":["post-92","page","type-page","status-publish","hentry"],"yoast_head":"<!-- This site is optimized with the Yoast SEO plugin v26.5 - https:\/\/yoast.com\/wordpress\/plugins\/seo\/ -->\n<title>Pranie - Marionzm s.r.o.<\/title>\n<meta name=\"robots\" content=\"index, follow, max-snippet:-1, max-image-preview:large, max-video-preview:-1\" \/>\n<link rel=\"canonical\" href=\"https:\/\/www.marionzm.sk\/index.php\/sluzby\/pranie\/\" \/>\n<meta property=\"og:locale\" content=\"sk_SK\" \/>\n<meta property=\"og:type\" content=\"article\" \/>\n<meta property=\"og:title\" content=\"Pranie - Marionzm s.r.o.\" \/>\n<meta property=\"og:description\" content=\"Profesion\u00e1lne pranie Na\u0161a prev\u00e1dzka pon\u00faka kvalitn\u00e9 , r\u00fdchle a spo\u013eahliv\u00e9 slu\u017eby na \u010dinnosti :\u00a0 Pranie v\u0161etk\u00fdch druhov bielizne Hotely Intern\u00e1ty Re\u0161taur\u00e1cie \u0160koly Pranie pre lek\u00e1rov Pranie pracovn\u00fdch odevov\" \/>\n<meta property=\"og:url\" content=\"https:\/\/www.marionzm.sk\/index.php\/sluzby\/pranie\/\" \/>\n<meta property=\"og:site_name\" content=\"Marionzm s.r.o.\" \/>\n<meta property=\"article:modified_time\" content=\"2022-12-21T07:40:31+00:00\" \/>\n<meta property=\"og:image\" content=\"https:\/\/www.marionzm.sk\/wp-content\/uploads\/elementor\/thumbs\/lgrm1t4rxwq-1-pzh9t4qdq9fp5ytcld06zwrjg1tunnfpt04fewfvkw.jpg\" \/>\n<meta name=\"twitter:card\" content=\"summary_large_image\" \/>\n<script type=\"application\/ld+json\" class=\"yoast-schema-graph\">{\"@context\":\"https:\/\/schema.org\",\"@graph\":[{\"@type\":\"WebPage\",\"@id\":\"https:\/\/www.marionzm.sk\/index.php\/sluzby\/pranie\/\",\"url\":\"https:\/\/www.marionzm.sk\/index.php\/sluzby\/pranie\/\",\"name\":\"Pranie - Marionzm s.r.o.\",\"isPartOf\":{\"@id\":\"https:\/\/www.marionzm.sk\/#website\"},\"primaryImageOfPage\":{\"@id\":\"https:\/\/www.marionzm.sk\/index.php\/sluzby\/pranie\/#primaryimage\"},\"image\":{\"@id\":\"https:\/\/www.marionzm.sk\/index.php\/sluzby\/pranie\/#primaryimage\"},\"thumbnailUrl\":\"https:\/\/www.marionzm.sk\/wp-content\/uploads\/elementor\/thumbs\/lgrm1t4rxwq-1-pzh9t4qdq9fp5ytcld06zwrjg1tunnfpt04fewfvkw.jpg\",\"datePublished\":\"2022-12-03T17:34:12+00:00\",\"dateModified\":\"2022-12-21T07:40:31+00:00\",\"breadcrumb\":{\"@id\":\"https:\/\/www.marionzm.sk\/index.php\/sluzby\/pranie\/#breadcrumb\"},\"inLanguage\":\"sk-SK\",\"potentialAction\":[{\"@type\":\"ReadAction\",\"target\":[\"https:\/\/www.marionzm.sk\/index.php\/sluzby\/pranie\/\"]}]},{\"@type\":\"ImageObject\",\"inLanguage\":\"sk-SK\",\"@id\":\"https:\/\/www.marionzm.sk\/index.php\/sluzby\/pranie\/#primaryimage\",\"url\":\"https:\/\/www.marionzm.sk\/wp-content\/uploads\/elementor\/thumbs\/lgrm1t4rxwq-1-pzh9t4qdq9fp5ytcld06zwrjg1tunnfpt04fewfvkw.jpg\",\"contentUrl\":\"https:\/\/www.marionzm.sk\/wp-content\/uploads\/elementor\/thumbs\/lgrm1t4rxwq-1-pzh9t4qdq9fp5ytcld06zwrjg1tunnfpt04fewfvkw.jpg\"},{\"@type\":\"BreadcrumbList\",\"@id\":\"https:\/\/www.marionzm.sk\/index.php\/sluzby\/pranie\/#breadcrumb\",\"itemListElement\":[{\"@type\":\"ListItem\",\"position\":1,\"name\":\"Domovsk\u00e1 str\u00e1nka\",\"item\":\"https:\/\/www.marionzm.sk\/\"},{\"@type\":\"ListItem\",\"position\":2,\"name\":\"Slu\u017eby\",\"item\":\"https:\/\/www.marionzm.sk\/index.php\/sluzby\/\"},{\"@type\":\"ListItem\",\"position\":3,\"name\":\"Pranie\"}]},{\"@type\":\"WebSite\",\"@id\":\"https:\/\/www.marionzm.sk\/#website\",\"url\":\"https:\/\/www.marionzm.sk\/\",\"name\":\"Marionzm s.r.o.\",\"description\":\"Soci\u00e1lny podnik - pr\u00e1\u010dov\u0148a\",\"publisher\":{\"@id\":\"https:\/\/www.marionzm.sk\/#organization\"},\"potentialAction\":[{\"@type\":\"SearchAction\",\"target\":{\"@type\":\"EntryPoint\",\"urlTemplate\":\"https:\/\/www.marionzm.sk\/?s={search_term_string}\"},\"query-input\":{\"@type\":\"PropertyValueSpecification\",\"valueRequired\":true,\"valueName\":\"search_term_string\"}}],\"inLanguage\":\"sk-SK\"},{\"@type\":\"Organization\",\"@id\":\"https:\/\/www.marionzm.sk\/#organization\",\"name\":\"Marionzm s.r.o.\",\"url\":\"https:\/\/www.marionzm.sk\/\",\"logo\":{\"@type\":\"ImageObject\",\"inLanguage\":\"sk-SK\",\"@id\":\"https:\/\/www.marionzm.sk\/#\/schema\/logo\/image\/\",\"url\":\"https:\/\/www.marionzm.sk\/wp-content\/uploads\/2022\/12\/cropped-cropped-logo-marion-zm.png\",\"contentUrl\":\"https:\/\/www.marionzm.sk\/wp-content\/uploads\/2022\/12\/cropped-cropped-logo-marion-zm.png\",\"width\":512,\"height\":508,\"caption\":\"Marionzm s.r.o.\"},\"image\":{\"@id\":\"https:\/\/www.marionzm.sk\/#\/schema\/logo\/image\/\"}}]}<\/script>\n<!-- \/ Yoast SEO plugin. -->","yoast_head_json":{"title":"Pranie - Marionzm s.r.o.","robots":{"index":"index","follow":"follow","max-snippet":"max-snippet:-1","max-image-preview":"max-image-preview:large","max-video-preview":"max-video-preview:-1"},"canonical":"https:\/\/www.marionzm.sk\/index.php\/sluzby\/pranie\/","og_locale":"sk_SK","og_type":"article","og_title":"Pranie - Marionzm s.r.o.","og_description":"Profesion\u00e1lne pranie Na\u0161a prev\u00e1dzka pon\u00faka kvalitn\u00e9 , r\u00fdchle a spo\u013eahliv\u00e9 slu\u017eby na \u010dinnosti :\u00a0 Pranie v\u0161etk\u00fdch druhov bielizne Hotely Intern\u00e1ty Re\u0161taur\u00e1cie \u0160koly Pranie pre lek\u00e1rov Pranie pracovn\u00fdch odevov","og_url":"https:\/\/www.marionzm.sk\/index.php\/sluzby\/pranie\/","og_site_name":"Marionzm s.r.o.","article_modified_time":"2022-12-21T07:40:31+00:00","og_image":[{"url":"https:\/\/www.marionzm.sk\/wp-content\/uploads\/elementor\/thumbs\/lgrm1t4rxwq-1-pzh9t4qdq9fp5ytcld06zwrjg1tunnfpt04fewfvkw.jpg","type":"","width":"","height":""}],"twitter_card":"summary_large_image","schema":{"@context":"https:\/\/schema.org","@graph":[{"@type":"WebPage","@id":"https:\/\/www.marionzm.sk\/index.php\/sluzby\/pranie\/","url":"https:\/\/www.marionzm.sk\/index.php\/sluzby\/pranie\/","name":"Pranie - Marionzm s.r.o.","isPartOf":{"@id":"https:\/\/www.marionzm.sk\/#website"},"primaryImageOfPage":{"@id":"https:\/\/www.marionzm.sk\/index.php\/sluzby\/pranie\/#primaryimage"},"image":{"@id":"https:\/\/www.marionzm.sk\/index.php\/sluzby\/pranie\/#primaryimage"},"thumbnailUrl":"https:\/\/www.marionzm.sk\/wp-content\/uploads\/elementor\/thumbs\/lgrm1t4rxwq-1-pzh9t4qdq9fp5ytcld06zwrjg1tunnfpt04fewfvkw.jpg","datePublished":"2022-12-03T17:34:12+00:00","dateModified":"2022-12-21T07:40:31+00:00","breadcrumb":{"@id":"https:\/\/www.marionzm.sk\/index.php\/sluzby\/pranie\/#breadcrumb"},"inLanguage":"sk-SK","potentialAction":[{"@type":"ReadAction","target":["https:\/\/www.marionzm.sk\/index.php\/sluzby\/pranie\/"]}]},{"@type":"ImageObject","inLanguage":"sk-SK","@id":"https:\/\/www.marionzm.sk\/index.php\/sluzby\/pranie\/#primaryimage","url":"https:\/\/www.marionzm.sk\/wp-content\/uploads\/elementor\/thumbs\/lgrm1t4rxwq-1-pzh9t4qdq9fp5ytcld06zwrjg1tunnfpt04fewfvkw.jpg","contentUrl":"https:\/\/www.marionzm.sk\/wp-content\/uploads\/elementor\/thumbs\/lgrm1t4rxwq-1-pzh9t4qdq9fp5ytcld06zwrjg1tunnfpt04fewfvkw.jpg"},{"@type":"BreadcrumbList","@id":"https:\/\/www.marionzm.sk\/index.php\/sluzby\/pranie\/#breadcrumb","itemListElement":[{"@type":"ListItem","position":1,"name":"Domovsk\u00e1 str\u00e1nka","item":"https:\/\/www.marionzm.sk\/"},{"@type":"ListItem","position":2,"name":"Slu\u017eby","item":"https:\/\/www.marionzm.sk\/index.php\/sluzby\/"},{"@type":"ListItem","position":3,"name":"Pranie"}]},{"@type":"WebSite","@id":"https:\/\/www.marionzm.sk\/#website","url":"https:\/\/www.marionzm.sk\/","name":"Marionzm s.r.o.","description":"Soci\u00e1lny podnik - pr\u00e1\u010dov\u0148a","publisher":{"@id":"https:\/\/www.marionzm.sk\/#organization"},"potentialAction":[{"@type":"SearchAction","target":{"@type":"EntryPoint","urlTemplate":"https:\/\/www.marionzm.sk\/?s={search_term_string}"},"query-input":{"@type":"PropertyValueSpecification","valueRequired":true,"valueName":"search_term_string"}}],"inLanguage":"sk-SK"},{"@type":"Organization","@id":"https:\/\/www.marionzm.sk\/#organization","name":"Marionzm s.r.o.","url":"https:\/\/www.marionzm.sk\/","logo":{"@type":"ImageObject","inLanguage":"sk-SK","@id":"https:\/\/www.marionzm.sk\/#\/schema\/logo\/image\/","url":"https:\/\/www.marionzm.sk\/wp-content\/uploads\/2022\/12\/cropped-cropped-logo-marion-zm.png","contentUrl":"https:\/\/www.marionzm.sk\/wp-content\/uploads\/2022\/12\/cropped-cropped-logo-marion-zm.png","width":512,"height":508,"caption":"Marionzm s.r.o."},"image":{"@id":"https:\/\/www.marionzm.sk\/#\/schema\/logo\/image\/"}}]}},"_links":{"self":[{"href":"https:\/\/www.marionzm.sk\/index.php\/wp-json\/wp\/v2\/pages\/92","targetHints":{"allow":["GET"]}}],"collection":[{"href":"https:\/\/www.marionzm.sk\/index.php\/wp-json\/wp\/v2\/pages"}],"about":[{"href":"https:\/\/www.marionzm.sk\/index.php\/wp-json\/wp\/v2\/types\/page"}],"author":[{"embeddable":true,"href":"https:\/\/www.marionzm.sk\/index.php\/wp-json\/wp\/v2\/users\/1"}],"replies":[{"embeddable":true,"href":"https:\/\/www.marionzm.sk\/index.php\/wp-json\/wp\/v2\/comments?post=92"}],"version-history":[{"count":10,"href":"https:\/\/www.marionzm.sk\/index.php\/wp-json\/wp\/v2\/pages\/92\/revisions"}],"predecessor-version":[{"id":667,"href":"https:\/\/www.marionzm.sk\/index.php\/wp-json\/wp\/v2\/pages\/92\/revisions\/667"}],"up":[{"embeddable":true,"href":"https:\/\/www.marionzm.sk\/index.php\/wp-json\/wp\/v2\/pages\/90"}],"wp:attachment":[{"href":"https:\/\/www.marionzm.sk\/index.php\/wp-json\/wp\/v2\/media?parent=92"}],"curies":[{"name":"wp","href":"https:\/\/api.w.org\/{rel}","templated":true}]}}